
{"id":7134,"date":"2021-09-28T09:41:13","date_gmt":"2021-09-28T09:41:13","guid":{"rendered":"https:\/\/dev.eunitecidos.pt\/?post_type=product&#038;p=7134"},"modified":"2024-07-14T17:18:59","modified_gmt":"2024-07-14T17:18:59","slug":"tecidos-100-algodao-infantil-carros","status":"publish","type":"product","link":"https:\/\/dev.eunitecidos.pt\/en\/loja\/cores\/tecidos-100-algodao-infantil-carros\/","title":{"rendered":"Fabrics 100% Cotton | Children's | Cars"},"content":{"rendered":"<p>Fabrics 100% Cotton | Children's | Cars<\/p>\n<p>100% Cotton<\/p>\n<p>1.50 Width<\/p>\n<p>OEKO-TEX certified<\/p>","protected":false},"excerpt":{"rendered":"<p>Tecidos 100% Algod\u00e3o | Infantil | Carros 100% Algod\u00e3o 1.50 Largura Certificado OEKO-TEX<\/p>","protected":false},"featured_media":7087,"comment_status":"closed","ping_status":"closed","template":"","meta":{"_seopress_robots_primary_cat":"122","_seopress_titles_title":"Tecidos 100% Algod\u00e3o | Infantil | Carros 100% Algod\u00e3o - Certificado OEKO-TEX","_seopress_titles_desc":"Descubra os nossos tecidos infantis 100% algod\u00e3o para carros, com certificado OEKO-TEX. Conforto e qualidade garantidos. Aproveite a largura de 1.50 metros!","_seopress_robots_index":""},"product_brand":[],"product_cat":[123,124,131,122,196,381,129,127,135,126],"product_tag":[315,1646,298,1281,321,541,721,530,352,424,303,405,2885,891,453],"class_list":{"0":"post-7134","1":"product","2":"type-product","3":"status-publish","4":"has-post-thumbnail","6":"product_cat-amarelo","7":"product_cat-azul","8":"product_cat-branco","9":"product_cat-cores","10":"product_cat-estampados","11":"product_cat-infantis-tecido-100-algodao","12":"product_cat-laranja","13":"product_cat-preto","14":"product_cat-tecido-100-algodao","15":"product_cat-vermelho","16":"product_tag-100-algodao","17":"product_tag-autocarros","18":"product_tag-azul","19":"product_tag-azul-acizentado","20":"product_tag-branco","21":"product_tag-carros","22":"product_tag-certificado-oeko-tex","23":"product_tag-escola","24":"product_tag-infantil","25":"product_tag-laranja","26":"product_tag-menino","27":"product_tag-mostarda","28":"product_tag-regresso-as-aulas","29":"product_tag-turquesa","30":"product_tag-vermelho","32":"first","33":"instock","34":"taxable","35":"shipping-taxable","36":"purchasable","37":"product-type-simple"},"_links":{"self":[{"href":"https:\/\/dev.eunitecidos.pt\/en\/wp-json\/wp\/v2\/product\/7134","targetHints":{"allow":["GET"]}}],"collection":[{"href":"https:\/\/dev.eunitecidos.pt\/en\/wp-json\/wp\/v2\/product"}],"about":[{"href":"https:\/\/dev.eunitecidos.pt\/en\/wp-json\/wp\/v2\/types\/product"}],"replies":[{"embeddable":true,"href":"https:\/\/dev.eunitecidos.pt\/en\/wp-json\/wp\/v2\/comments?post=7134"}],"wp:featuredmedia":[{"embeddable":true,"href":"https:\/\/dev.eunitecidos.pt\/en\/wp-json\/wp\/v2\/media\/7087"}],"wp:attachment":[{"href":"https:\/\/dev.eunitecidos.pt\/en\/wp-json\/wp\/v2\/media?parent=7134"}],"wp:term":[{"taxonomy":"product_brand","embeddable":true,"href":"https:\/\/dev.eunitecidos.pt\/en\/wp-json\/wp\/v2\/product_brand?post=7134"},{"taxonomy":"product_cat","embeddable":true,"href":"https:\/\/dev.eunitecidos.pt\/en\/wp-json\/wp\/v2\/product_cat?post=7134"},{"taxonomy":"product_tag","embeddable":true,"href":"https:\/\/dev.eunitecidos.pt\/en\/wp-json\/wp\/v2\/product_tag?post=7134"}],"curies":[{"name":"wp","href":"https:\/\/api.w.org\/{rel}","templated":true}]}}

<p>Tecidos 100% Algodão | Infantil | Carros 100% Algodão 1.50 Largura Certificado OEKO-TEX</p>

Tecidos 100% Algodão | Infantil | Carros 100% Algodão - Certificado OEKO-TEX

Descubra os nossos tecidos infantis 100% algodão para carros, com certificado OEKO-TEX. Conforto e qualidade garantidos. Aproveite a largura de 1.50 metros!
