
{"id":11227,"date":"2022-01-17T21:30:09","date_gmt":"2022-01-17T21:30:09","guid":{"rendered":"https:\/\/dev.eunitecidos.pt\/?post_type=product&#038;p=11227"},"modified":"2026-01-31T19:00:12","modified_gmt":"2026-01-31T19:00:12","slug":"linho-alentejano-basico-verde-escuro","status":"publish","type":"product","link":"https:\/\/dev.eunitecidos.pt\/es\/loja\/texteis\/linho-alentejano-basico-verde-escuro\/","title":{"rendered":"Lino Alentejo | B\u00e1sico | Verde Oscuro"},"content":{"rendered":"<p>Lino Alentejo | B\u00e1sico | Verde Oscuro<\/p>\n<p>Tejido grueso ideal para tapizar sillas y sof\u00e1s. Tambi\u00e9n muy utilizado<\/p>\n<p>costura creativa en maletas, mochilas, bolsos, etc.<\/p>\n<p>Composici\u00f3n 90% Algod\u00f3n 10% Poli\u00e9ster 200gr\/M2<\/p>\n<p>2,80 Anchura<\/p>","protected":false},"excerpt":{"rendered":"<p>Linho Alentejano | B\u00e1sico | Verde Escuro Tecido grosso ideal para estofar cadeiras e sof\u00e1s. Tamb\u00e9m muito utilizado em costura criativa em malas, mochilas, sacos, etc Composi\u00e7\u00e3o 90% Algod\u00e3o 10% Poli\u00e9ster 200gr\/M2 2,80 Largura<\/p>","protected":false},"featured_media":11218,"comment_status":"closed","ping_status":"closed","template":"","meta":{"_seopress_robots_primary_cat":"69","_seopress_titles_title":"Tecido de Linho Alentejano Verde Escuro | Estofar Sof\u00e1s e Cadeiras | 2,80m Largura","_seopress_titles_desc":"Descubra o vers\u00e1til tecido de Linho Alentejano em verde escuro, perfeito para estofar m\u00f3veis e projetos de costura criativa. Composi\u00e7\u00e3o de 90% algod\u00e3o e 10% poli\u00e9ster.","_seopress_robots_index":""},"product_brand":[],"product_cat":[245,247,159,69],"product_tag":[772,771,823,770,763,1980,1684,1472],"class_list":{"0":"post-11227","1":"product","2":"type-product","3":"status-publish","4":"has-post-thumbnail","6":"product_cat-linho-alentejano","7":"product_cat-sem-brilho","8":"product_cat-tecidos-decoracao","9":"product_cat-texteis","10":"product_tag-almofadas","11":"product_tag-colchas","12":"product_tag-cortinados","13":"product_tag-costura-criativa","14":"product_tag-linho-alentejano","15":"product_tag-linho-sem-brilho","16":"product_tag-tecidos-decoracao","17":"product_tag-verde-escuro","19":"first","20":"instock","21":"taxable","22":"shipping-taxable","23":"purchasable","24":"product-type-simple"},"_links":{"self":[{"href":"https:\/\/dev.eunitecidos.pt\/es\/wp-json\/wp\/v2\/product\/11227","targetHints":{"allow":["GET"]}}],"collection":[{"href":"https:\/\/dev.eunitecidos.pt\/es\/wp-json\/wp\/v2\/product"}],"about":[{"href":"https:\/\/dev.eunitecidos.pt\/es\/wp-json\/wp\/v2\/types\/product"}],"replies":[{"embeddable":true,"href":"https:\/\/dev.eunitecidos.pt\/es\/wp-json\/wp\/v2\/comments?post=11227"}],"wp:featuredmedia":[{"embeddable":true,"href":"https:\/\/dev.eunitecidos.pt\/es\/wp-json\/wp\/v2\/media\/11218"}],"wp:attachment":[{"href":"https:\/\/dev.eunitecidos.pt\/es\/wp-json\/wp\/v2\/media?parent=11227"}],"wp:term":[{"taxonomy":"product_brand","embeddable":true,"href":"https:\/\/dev.eunitecidos.pt\/es\/wp-json\/wp\/v2\/product_brand?post=11227"},{"taxonomy":"product_cat","embeddable":true,"href":"https:\/\/dev.eunitecidos.pt\/es\/wp-json\/wp\/v2\/product_cat?post=11227"},{"taxonomy":"product_tag","embeddable":true,"href":"https:\/\/dev.eunitecidos.pt\/es\/wp-json\/wp\/v2\/product_tag?post=11227"}],"curies":[{"name":"wp","href":"https:\/\/api.w.org\/{rel}","templated":true}]}}

Lino Alentejo | Básico | Verde Oscuro

<p>Lino Alentejo | Básico | Verde Oscuro</p>
<p>Tejido grueso ideal para tapizar sillas y sofás. También muy utilizado</p>
<p>costura creativa en maletas, mochilas, bolsos, etc.</p>
<p>Composición 90% Algodón 10% Poliéster 200gr/M2</p>
<p>2,80 Anchura</p>

<p>Linho Alentejano | Básico | Verde Escuro Tecido grosso ideal para estofar cadeiras e sofás. Também muito utilizado em costura criativa em malas, mochilas, sacos, etc Composição 90% Algodão 10% Poliéster 200gr/M2 2,80 Largura</p>

Tecido de Linho Alentejano Verde Escuro | Estofar Sofás e Cadeiras | 2,80m Largura

Descubra o versátil tecido de Linho Alentejano em verde escuro, perfeito para estofar móveis e projetos de costura criativa. Composição de 90% algodão e 10% poliéster.
