
{"id":11238,"date":"2022-01-17T21:21:22","date_gmt":"2022-01-17T21:21:22","guid":{"rendered":"https:\/\/dev.eunitecidos.pt\/?post_type=product&#038;p=11238"},"modified":"2026-01-28T11:07:44","modified_gmt":"2026-01-28T11:07:44","slug":"linho-alentejano-basico-bege","status":"publish","type":"product","link":"https:\/\/dev.eunitecidos.pt\/es\/loja\/texteis\/linho-alentejano-basico-bege\/","title":{"rendered":"Lino Alentejo | B\u00e1sico | Beige"},"content":{"rendered":"<p>Lino Alentejo | B\u00e1sico | Beige<\/p>\n<p>Tejido grueso ideal para tapizar sillas y sof\u00e1s. Tambi\u00e9n muy utilizado<\/p>\n<p>costura creativa en maletas, mochilas, bolsos, etc.<\/p>\n<p>Composici\u00f3n 90% Algod\u00f3n 10% Poli\u00e9ster 200gr\/M2<\/p>\n<p>2,80 Anchura<\/p>","protected":false},"excerpt":{"rendered":"<p>Linho Alentejano | B\u00e1sico | Bege Tecido grosso ideal para estofar cadeiras e sof\u00e1s. Tamb\u00e9m muito utilizado em costura criativa em malas, mochilas, sacos, etc Composi\u00e7\u00e3o 90% Algod\u00e3o 10% Poli\u00e9ster 200gr\/M2 2,80 Largura<\/p>","protected":false},"featured_media":11221,"comment_status":"closed","ping_status":"closed","template":"","meta":{"_seopress_robots_primary_cat":"69","_seopress_titles_title":"Tecido de Linho Alentejano B\u00e1sico Bege Estofar Cadeiras Sof\u00e1s","_seopress_titles_desc":"Descubra o tecido grosso ideal para estofar cadeiras e sof\u00e1s. Perfeito para costura criativa em malas, mochilas, sacos, etc. Compre agora!","_seopress_robots_index":""},"product_brand":[],"product_cat":[245,247,159,69],"product_tag":[772,319,771,823,770,706,763,1980,1684],"class_list":{"0":"post-11238","1":"product","2":"type-product","3":"status-publish","4":"has-post-thumbnail","6":"product_cat-linho-alentejano","7":"product_cat-sem-brilho","8":"product_cat-tecidos-decoracao","9":"product_cat-texteis","10":"product_tag-almofadas","11":"product_tag-bege","12":"product_tag-colchas","13":"product_tag-cortinados","14":"product_tag-costura-criativa","15":"product_tag-decoracao","16":"product_tag-linho-alentejano","17":"product_tag-linho-sem-brilho","18":"product_tag-tecidos-decoracao","20":"first","21":"instock","22":"taxable","23":"shipping-taxable","24":"purchasable","25":"product-type-simple"},"_links":{"self":[{"href":"https:\/\/dev.eunitecidos.pt\/es\/wp-json\/wp\/v2\/product\/11238","targetHints":{"allow":["GET"]}}],"collection":[{"href":"https:\/\/dev.eunitecidos.pt\/es\/wp-json\/wp\/v2\/product"}],"about":[{"href":"https:\/\/dev.eunitecidos.pt\/es\/wp-json\/wp\/v2\/types\/product"}],"replies":[{"embeddable":true,"href":"https:\/\/dev.eunitecidos.pt\/es\/wp-json\/wp\/v2\/comments?post=11238"}],"wp:featuredmedia":[{"embeddable":true,"href":"https:\/\/dev.eunitecidos.pt\/es\/wp-json\/wp\/v2\/media\/11221"}],"wp:attachment":[{"href":"https:\/\/dev.eunitecidos.pt\/es\/wp-json\/wp\/v2\/media?parent=11238"}],"wp:term":[{"taxonomy":"product_brand","embeddable":true,"href":"https:\/\/dev.eunitecidos.pt\/es\/wp-json\/wp\/v2\/product_brand?post=11238"},{"taxonomy":"product_cat","embeddable":true,"href":"https:\/\/dev.eunitecidos.pt\/es\/wp-json\/wp\/v2\/product_cat?post=11238"},{"taxonomy":"product_tag","embeddable":true,"href":"https:\/\/dev.eunitecidos.pt\/es\/wp-json\/wp\/v2\/product_tag?post=11238"}],"curies":[{"name":"wp","href":"https:\/\/api.w.org\/{rel}","templated":true}]}}

Lino Alentejo | Básico | Beige

<p>Lino Alentejo | Básico | Beige</p>
<p>Tejido grueso ideal para tapizar sillas y sofás. También muy utilizado</p>
<p>costura creativa en maletas, mochilas, bolsos, etc.</p>
<p>Composición 90% Algodón 10% Poliéster 200gr/M2</p>
<p>2,80 Anchura</p>

<p>Linho Alentejano | Básico | Bege Tecido grosso ideal para estofar cadeiras e sofás. Também muito utilizado em costura criativa em malas, mochilas, sacos, etc Composição 90% Algodão 10% Poliéster 200gr/M2 2,80 Largura</p>

Tecido de Linho Alentejano Básico Bege Estofar Cadeiras Sofás

Descubra o tecido grosso ideal para estofar cadeiras e sofás. Perfeito para costura criativa em malas, mochilas, sacos, etc. Compre agora!
