
{"id":15851,"date":"2022-06-02T20:52:47","date_gmt":"2022-06-02T20:52:47","guid":{"rendered":"https:\/\/dev.eunitecidos.pt\/?post_type=product&#038;p=15851"},"modified":"2022-09-29T10:56:45","modified_gmt":"2022-09-29T10:56:45","slug":"tecido-algodao-tematica-profissoes-cabeleireiro-2","status":"publish","type":"product","link":"https:\/\/dev.eunitecidos.pt\/es\/loja\/texteis\/tecido-algodao-tematica-profissoes-cabeleireiro-2\/","title":{"rendered":"Tejido de algod\u00f3n | Tema profesiones | Peluquer\u00eda"},"content":{"rendered":"<p>Tejido de algod\u00f3n | Tema profesiones | Peluquer\u00eda<\/p>\n<p>Tejido de algod\u00f3n Indigo 100%<\/p>\n<p>Algod\u00f3n org\u00e1nico<\/p>\n<p>1,50 Anchura<\/p>","protected":false},"excerpt":{"rendered":"<p>Tecido Algod\u00e3o | Tem\u00e1tica Profiss\u00f5es | Cabeleireiro Tecido 100% Algod\u00e3o da marca Indigo Algod\u00e3o Org\u00e2nico 1,50 Largura<\/p>","protected":false},"featured_media":15603,"comment_status":"closed","ping_status":"closed","template":"","meta":{"_seopress_robots_primary_cat":"69","_seopress_titles_title":"Tecido Algod\u00e3o Profiss\u00f5es | Cabeleireiro Org\u00e2nico 1,50 Largura","_seopress_titles_desc":"Descubra o tecido de algod\u00e3o 100% org\u00e2nico da marca Indigo, com 1,50m de largura, perfeito para tem\u00e1tica de profiss\u00f5es como cabeleireiro!","_seopress_robots_index":""},"product_brand":[],"product_cat":[194,360,135,199,69],"product_tag":[315,443,430,321,1427,1426,340,1993,1192,1953,1599,2388,1712,2369,1429],"class_list":{"0":"post-15851","1":"product","2":"type-product","3":"status-publish","4":"has-post-thumbnail","6":"product_cat-algodao-organico","7":"product_cat-estampados-tecido-100-algodao","8":"product_cat-tecido-100-algodao","9":"product_cat-tematicos","10":"product_cat-texteis","11":"product_tag-100-algodao","12":"product_tag-algodao-organico","13":"product_tag-bonecas","14":"product_tag-branco","15":"product_tag-cabeleireiro","16":"product_tag-escovas","17":"product_tag-estampado","18":"product_tag-fundo-preto","19":"product_tag-indigo","20":"product_tag-pente","21":"product_tag-profissoes","22":"product_tag-secador","23":"product_tag-tecido-algodao","24":"product_tag-tematico","25":"product_tag-tesoura","27":"first","28":"instock","29":"taxable","30":"shipping-taxable","31":"purchasable","32":"product-type-simple"},"_links":{"self":[{"href":"https:\/\/dev.eunitecidos.pt\/es\/wp-json\/wp\/v2\/product\/15851","targetHints":{"allow":["GET"]}}],"collection":[{"href":"https:\/\/dev.eunitecidos.pt\/es\/wp-json\/wp\/v2\/product"}],"about":[{"href":"https:\/\/dev.eunitecidos.pt\/es\/wp-json\/wp\/v2\/types\/product"}],"replies":[{"embeddable":true,"href":"https:\/\/dev.eunitecidos.pt\/es\/wp-json\/wp\/v2\/comments?post=15851"}],"wp:featuredmedia":[{"embeddable":true,"href":"https:\/\/dev.eunitecidos.pt\/es\/wp-json\/wp\/v2\/media\/15603"}],"wp:attachment":[{"href":"https:\/\/dev.eunitecidos.pt\/es\/wp-json\/wp\/v2\/media?parent=15851"}],"wp:term":[{"taxonomy":"product_brand","embeddable":true,"href":"https:\/\/dev.eunitecidos.pt\/es\/wp-json\/wp\/v2\/product_brand?post=15851"},{"taxonomy":"product_cat","embeddable":true,"href":"https:\/\/dev.eunitecidos.pt\/es\/wp-json\/wp\/v2\/product_cat?post=15851"},{"taxonomy":"product_tag","embeddable":true,"href":"https:\/\/dev.eunitecidos.pt\/es\/wp-json\/wp\/v2\/product_tag?post=15851"}],"curies":[{"name":"wp","href":"https:\/\/api.w.org\/{rel}","templated":true}]}}

Tejido de algodón | Tema profesiones | Peluquería

<p>Tejido de algodón | Tema profesiones | Peluquería</p>
<p>Tejido de algodón Indigo 100%</p>
<p>Algodón orgánico</p>
<p>1,50 Anchura</p>

<p>Tecido Algodão | Temática Profissões | Cabeleireiro Tecido 100% Algodão da marca Indigo Algodão Orgânico 1,50 Largura</p>

Tecido Algodão Profissões | Cabeleireiro Orgânico 1,50 Largura

Descubra o tecido de algodão 100% orgânico da marca Indigo, com 1,50m de largura, perfeito para temática de profissões como cabeleireiro!
