
{"id":19028,"date":"2022-10-11T14:26:40","date_gmt":"2022-10-11T14:26:40","guid":{"rendered":"https:\/\/dev.eunitecidos.pt\/?post_type=product&#038;p=19028"},"modified":"2025-11-29T18:10:31","modified_gmt":"2025-11-29T18:10:31","slug":"tecido-loneta-natal-lurex-dourado-renas","status":"publish","type":"product","link":"https:\/\/dev.eunitecidos.pt\/es\/loja\/texteis\/tecido-loneta-natal-lurex-dourado-renas\/","title":{"rendered":"Loneta Tela | Navidad | Lurex Dorado | Reno"},"content":{"rendered":"<p>Loneta Tela | Navidad | Lurex Dorado | Reno<\/p>\n<p>Tejido de loneta con hilo de l\u00farex dorado<\/p>\n<p>Composici\u00f3n: 65% Algod\u00f3n\/35% Poli\u00e9ster<\/p>\n<p>2,80 Anchura<\/p>","protected":false},"excerpt":{"rendered":"<p>Tecido Loneta\u00a0 | Natal\u00a0 | Lurex Dourado | Renas Tecido loneta com fio de lurex dourado Composi\u00e7\u00e3o: 65% Algod\u00e3o\/35% Poli\u00e9ster 2,80 Largura<\/p>","protected":false},"featured_media":18926,"comment_status":"closed","ping_status":"closed","template":"","meta":{"_seopress_robots_primary_cat":"69","_seopress_titles_title":"Tecido Loneta Lurex Dourado - Natal Renas","_seopress_titles_desc":"Descubra o tecido de loneta perfeito para decora\u00e7\u00f5es natal\u00edcias com renas, com composi\u00e7\u00e3o de 65% Algod\u00e3o e 35% Poli\u00e9ster. Aproveite a largura de 2,80 metros!","_seopress_robots_index":""},"product_brand":[],"product_cat":[244,242,2518,159,199,69],"product_tag":[290,93,321,351,380,1580,2118,1660,1575,2185,1585,1758,1659,453],"class_list":{"0":"post-19028","1":"product","2":"type-product","3":"status-publish","4":"has-post-thumbnail","6":"product_cat-estampadas-lonetas","7":"product_cat-lonetas","8":"product_cat-natal","9":"product_cat-tecidos-decoracao","10":"product_cat-tematicos","11":"product_cat-texteis","12":"product_tag-algodao","13":"product_tag-bolas","14":"product_tag-branco","15":"product_tag-cinza","16":"product_tag-coracoes","17":"product_tag-flocos-de-neve","18":"product_tag-fundo-cru","19":"product_tag-lurex-dourado","20":"product_tag-natal","21":"product_tag-poliester","22":"product_tag-renas","23":"product_tag-tecido-decoracao","24":"product_tag-tecido-loneta","25":"product_tag-vermelho","27":"first","28":"instock","29":"taxable","30":"shipping-taxable","31":"purchasable","32":"product-type-simple"},"_links":{"self":[{"href":"https:\/\/dev.eunitecidos.pt\/es\/wp-json\/wp\/v2\/product\/19028","targetHints":{"allow":["GET"]}}],"collection":[{"href":"https:\/\/dev.eunitecidos.pt\/es\/wp-json\/wp\/v2\/product"}],"about":[{"href":"https:\/\/dev.eunitecidos.pt\/es\/wp-json\/wp\/v2\/types\/product"}],"replies":[{"embeddable":true,"href":"https:\/\/dev.eunitecidos.pt\/es\/wp-json\/wp\/v2\/comments?post=19028"}],"wp:featuredmedia":[{"embeddable":true,"href":"https:\/\/dev.eunitecidos.pt\/es\/wp-json\/wp\/v2\/media\/18926"}],"wp:attachment":[{"href":"https:\/\/dev.eunitecidos.pt\/es\/wp-json\/wp\/v2\/media?parent=19028"}],"wp:term":[{"taxonomy":"product_brand","embeddable":true,"href":"https:\/\/dev.eunitecidos.pt\/es\/wp-json\/wp\/v2\/product_brand?post=19028"},{"taxonomy":"product_cat","embeddable":true,"href":"https:\/\/dev.eunitecidos.pt\/es\/wp-json\/wp\/v2\/product_cat?post=19028"},{"taxonomy":"product_tag","embeddable":true,"href":"https:\/\/dev.eunitecidos.pt\/es\/wp-json\/wp\/v2\/product_tag?post=19028"}],"curies":[{"name":"wp","href":"https:\/\/api.w.org\/{rel}","templated":true}]}}

<p>Loneta Tela | Navidad | Lurex Dorado | Reno</p>
<p>Tejido de loneta con hilo de lúrex dorado</p>
<p>Composición: 65% Algodón/35% Poliéster</p>
<p>2,80 Anchura</p>

<p>Tecido Loneta  | Natal  | Lurex Dourado | Renas Tecido loneta com fio de lurex dourado Composição: 65% Algodão/35% Poliéster 2,80 Largura</p>

Descubra o tecido de loneta perfeito para decorações natalícias com renas, com composição de 65% Algodão e 35% Poliéster. Aproveite a largura de 2,80 metros!
