
{"id":21371,"date":"2023-01-03T22:50:13","date_gmt":"2023-01-03T22:50:13","guid":{"rendered":"https:\/\/dev.eunitecidos.pt\/?post_type=product&#038;p=21371"},"modified":"2025-10-21T12:40:08","modified_gmt":"2025-10-21T12:40:08","slug":"cetim-estampado-carnaval-riscas-vermelho-e-preto","status":"publish","type":"product","link":"https:\/\/dev.eunitecidos.pt\/es\/loja\/texteis\/cetim-estampado-carnaval-riscas-vermelho-e-preto\/","title":{"rendered":"Raso | Estampado | Carnaval | Rayas | Rojo y negro"},"content":{"rendered":"<p>Raso | Estampado | Carnaval | Rayas | Rojo y negro<\/p>\n<p>Tejido fluido y ligero, ideal para disfraces de carnaval<\/p>\n<p>100% Poli\u00e9ster<\/p>\n<p>1,50 Anchura<\/p>","protected":false},"excerpt":{"rendered":"<p>Cetim | Estampado | Carnaval | Riscas | Vermelho e Preto Tecido fluido e leve, ideal para fatos de carnaval 100% Poli\u00e9ster 1,50 Largura<\/p>","protected":false},"featured_media":21227,"comment_status":"closed","ping_status":"closed","template":"","meta":{"_seopress_robots_primary_cat":"69","_seopress_titles_title":"Tecido de cetim estampado para fatos de carnaval vermelho e preto","_seopress_titles_desc":"Procura um tecido leve e flu\u00eddo para criar fatos de carnaval \u00fanicos? Descubra o cetim estampado \u00e0s riscas vermelhas e pretas, ideal para a sua criatividade. Feito em 100% Poli\u00e9ster, com 1,50 metros de largura.","_seopress_robots_index":""},"product_brand":[],"product_cat":[2016,2059,199,69],"product_tag":[707,1992,2052,340,491,90,2648,453],"class_list":{"0":"post-21371","1":"product","2":"type-product","3":"status-publish","4":"has-post-thumbnail","6":"product_cat-carnaval","7":"product_cat-cetim-lisos-estampados","8":"product_cat-tematicos","9":"product_cat-texteis","10":"product_tag-100-poliester","11":"product_tag-carnaval","12":"product_tag-cetim","13":"product_tag-estampado","14":"product_tag-preto","15":"product_tag-riscas","16":"product_tag-tecido-tematico","17":"product_tag-vermelho","19":"first","20":"instock","21":"taxable","22":"shipping-taxable","23":"purchasable","24":"product-type-simple"},"_links":{"self":[{"href":"https:\/\/dev.eunitecidos.pt\/es\/wp-json\/wp\/v2\/product\/21371","targetHints":{"allow":["GET"]}}],"collection":[{"href":"https:\/\/dev.eunitecidos.pt\/es\/wp-json\/wp\/v2\/product"}],"about":[{"href":"https:\/\/dev.eunitecidos.pt\/es\/wp-json\/wp\/v2\/types\/product"}],"replies":[{"embeddable":true,"href":"https:\/\/dev.eunitecidos.pt\/es\/wp-json\/wp\/v2\/comments?post=21371"}],"wp:featuredmedia":[{"embeddable":true,"href":"https:\/\/dev.eunitecidos.pt\/es\/wp-json\/wp\/v2\/media\/21227"}],"wp:attachment":[{"href":"https:\/\/dev.eunitecidos.pt\/es\/wp-json\/wp\/v2\/media?parent=21371"}],"wp:term":[{"taxonomy":"product_brand","embeddable":true,"href":"https:\/\/dev.eunitecidos.pt\/es\/wp-json\/wp\/v2\/product_brand?post=21371"},{"taxonomy":"product_cat","embeddable":true,"href":"https:\/\/dev.eunitecidos.pt\/es\/wp-json\/wp\/v2\/product_cat?post=21371"},{"taxonomy":"product_tag","embeddable":true,"href":"https:\/\/dev.eunitecidos.pt\/es\/wp-json\/wp\/v2\/product_tag?post=21371"}],"curies":[{"name":"wp","href":"https:\/\/api.w.org\/{rel}","templated":true}]}}

<p>Raso | Estampado | Carnaval | Rayas | Rojo y negro</p>
<p>Tejido fluido y ligero, ideal para disfraces de carnaval</p>
<p>100% Poliéster</p>
<p>1,50 Anchura</p>

<p>Cetim | Estampado | Carnaval | Riscas | Vermelho e Preto Tecido fluido e leve, ideal para fatos de carnaval 100% Poliéster 1,50 Largura</p>

Procura um tecido leve e fluído para criar fatos de carnaval únicos? Descubra o cetim estampado às riscas vermelhas e pretas, ideal para a sua criatividade. Feito em 100% Poliéster, com 1,50 metros de largura.
