
{"id":29980,"date":"2023-10-27T16:25:51","date_gmt":"2023-10-27T16:25:51","guid":{"rendered":"https:\/\/dev.eunitecidos.pt\/?post_type=product&#038;p=29980"},"modified":"2025-11-21T22:30:45","modified_gmt":"2025-11-21T22:30:45","slug":"tecido-100-algodao-estampado-poppy-floresta","status":"publish","type":"product","link":"https:\/\/dev.eunitecidos.pt\/es\/loja\/texteis\/tecido-100-algodao-estampado-poppy-floresta\/","title":{"rendered":"Tejido 100% Algod\u00f3n | Estampado | Amapola | Bosque"},"content":{"rendered":"<p>Tejido 100% Algod\u00f3n | Estampado | Amapola | Bosque<\/p>\n<p>Tejido 100% Algod\u00f3n org\u00e1nico<\/p>\n<p>Certificado OEKO-TEX<\/p>\n<p>1,50 Anchura 110GR\/M2<\/p>","protected":false},"excerpt":{"rendered":"<p>Tecido 100% Algod\u00e3o | Estampado | Poppy | Floresta Tecido 100% Algod\u00e3o Org\u00e2nico Certificado OEKO-TEX 1,50 Largura 110GR\/M2<\/p>","protected":false},"featured_media":29881,"comment_status":"closed","ping_status":"closed","template":"","meta":{"_seopress_robots_primary_cat":"69","_seopress_titles_title":"Tecido Algod\u00e3o Estampado Poppy | Floresta","_seopress_titles_desc":"Descubra o tecido 100% algod\u00e3o com estampado de poppies, certificado OEKO-TEX para um produto sustent\u00e1vel. Dispon\u00edvel em 1,50 largura e 110GR\/M2. Encomende agora!","_seopress_robots_index":""},"product_brand":[],"product_cat":[194,196,381,135,69],"product_tag":[315,443,307,1830,319,602,1619,86,1244,1938,3020,829,3041,331,1712,856,102,453],"class_list":{"0":"post-29980","1":"product","2":"type-product","3":"status-publish","4":"has-post-thumbnail","6":"product_cat-algodao-organico","7":"product_cat-estampados","8":"product_cat-infantis-tecido-100-algodao","9":"product_cat-tecido-100-algodao","10":"product_cat-texteis","11":"product_tag-100-algodao","12":"product_tag-algodao-organico","13":"product_tag-amarelo","14":"product_tag-bambi","15":"product_tag-bege","16":"product_tag-camel","17":"product_tag-estampado-infantil","18":"product_tag-flores","19":"product_tag-folhas","20":"product_tag-fundo-verde","21":"product_tag-outono-inverno","22":"product_tag-passaros","23":"product_tag-primavera-verao","24":"product_tag-rosa-velho","25":"product_tag-tecido-algodao","26":"product_tag-tecidos-poppy","27":"product_tag-verde","28":"product_tag-vermelho","30":"first","31":"instock","32":"taxable","33":"shipping-taxable","34":"purchasable","35":"product-type-simple"},"_links":{"self":[{"href":"https:\/\/dev.eunitecidos.pt\/es\/wp-json\/wp\/v2\/product\/29980","targetHints":{"allow":["GET"]}}],"collection":[{"href":"https:\/\/dev.eunitecidos.pt\/es\/wp-json\/wp\/v2\/product"}],"about":[{"href":"https:\/\/dev.eunitecidos.pt\/es\/wp-json\/wp\/v2\/types\/product"}],"replies":[{"embeddable":true,"href":"https:\/\/dev.eunitecidos.pt\/es\/wp-json\/wp\/v2\/comments?post=29980"}],"wp:featuredmedia":[{"embeddable":true,"href":"https:\/\/dev.eunitecidos.pt\/es\/wp-json\/wp\/v2\/media\/29881"}],"wp:attachment":[{"href":"https:\/\/dev.eunitecidos.pt\/es\/wp-json\/wp\/v2\/media?parent=29980"}],"wp:term":[{"taxonomy":"product_brand","embeddable":true,"href":"https:\/\/dev.eunitecidos.pt\/es\/wp-json\/wp\/v2\/product_brand?post=29980"},{"taxonomy":"product_cat","embeddable":true,"href":"https:\/\/dev.eunitecidos.pt\/es\/wp-json\/wp\/v2\/product_cat?post=29980"},{"taxonomy":"product_tag","embeddable":true,"href":"https:\/\/dev.eunitecidos.pt\/es\/wp-json\/wp\/v2\/product_tag?post=29980"}],"curies":[{"name":"wp","href":"https:\/\/api.w.org\/{rel}","templated":true}]}}

Tejido 100% Algodón | Estampado | Amapola | Bosque

<p>Tejido 100% Algodón | Estampado | Amapola | Bosque</p>
<p>Tejido 100% Algodón orgánico</p>
<p>Certificado OEKO-TEX</p>
<p>1,50 Anchura 110GR/M2</p>

<p>Tecido 100% Algodão | Estampado | Poppy | Floresta Tecido 100% Algodão Orgânico Certificado OEKO-TEX 1,50 Largura 110GR/M2</p>

Tecido Algodão Estampado Poppy | Floresta

Descubra o tecido 100% algodão com estampado de poppies, certificado OEKO-TEX para um produto sustentável. Disponível em 1,50 largura e 110GR/M2. Encomende agora!
