
{"id":30145,"date":"2023-11-03T17:11:42","date_gmt":"2023-11-03T17:11:42","guid":{"rendered":"https:\/\/dev.eunitecidos.pt\/?post_type=product&#038;p=30145"},"modified":"2024-09-12T14:55:07","modified_gmt":"2024-09-12T14:55:07","slug":"coralina-estampado-infantil-tenda-tipi","status":"publish","type":"product","link":"https:\/\/dev.eunitecidos.pt\/es\/loja\/texteis\/coralina-estampado-infantil-tenda-tipi\/","title":{"rendered":"Coralina | Impreso | Ni\u00f1os | Tienda Tipi"},"content":{"rendered":"<p>Coralina | Impreso | Ni\u00f1os | Tienda Tipi<\/p>\n<p>Tejido de pelo corto en ambos lados, con un alto nivel de protecci\u00f3n contra el fr\u00edo.<\/p>\n<p>Tacto suave y liso, muy agradable al contacto con la piel<\/p>\n<p>Ideal para confeccionar art\u00edculos para beb\u00e9s y ni\u00f1os, como mantas, pijamas, jerseys, fundas de almohada, etc.<\/p>\n<p>100% Poli\u00e9ster<\/p>\n<p>1,50 Anchura<\/p>","protected":false},"excerpt":{"rendered":"<p>Coralina | Estampado| Infantil | Tenda Tipi Tecido de p\u00ealo curto nas duas faces, com elevado n\u00edvel de prote\u00e7\u00e3o contra o frio. Toque macio e suave muito agrad\u00e1vel no contacto com a pele Ideal para a confe\u00e7\u00e3o de pe\u00e7as para beb\u00e9s e crian\u00e7as, como por exemplo: mantinhas, pijamas, agasalhos, fronhas, etc&#8230; 100% Polyester 1,50 Largura<\/p>","protected":false},"featured_media":30104,"comment_status":"closed","ping_status":"closed","template":"","meta":{"_seopress_robots_primary_cat":"69","_seopress_titles_title":"Tenda Tipi Estampado Coralina Infantil","_seopress_titles_desc":"Descubra a Coralina, um tecido estampado infantil de p\u00ealo curto que oferece prote\u00e7\u00e3o contra o frio. Toque suave e agrad\u00e1vel para confecionar mantinhas, pijamas e mais. 100% poli\u00e9ster, 1,50m de largura.","_seopress_robots_index":""},"product_brand":[],"product_cat":[145,231,69],"product_tag":[707,298,319,516,1692,1618,885,1619,324,352,1671,297,3020,1841],"class_list":{"0":"post-30145","1":"product","2":"type-product","3":"status-publish","4":"has-post-thumbnail","6":"product_cat-coralinas","7":"product_cat-estampadas-coralinas","8":"product_cat-texteis","9":"product_tag-100-poliester","10":"product_tag-azul","11":"product_tag-bege","12":"product_tag-castanho","13":"product_tag-conforto","14":"product_tag-coralina","15":"product_tag-cru","16":"product_tag-estampado-infantil","17":"product_tag-estrela","18":"product_tag-infantil","19":"product_tag-inverno","20":"product_tag-lua","21":"product_tag-outono-inverno","22":"product_tag-tenda-tipi","24":"first","25":"instock","26":"taxable","27":"shipping-taxable","28":"purchasable","29":"product-type-simple"},"_links":{"self":[{"href":"https:\/\/dev.eunitecidos.pt\/es\/wp-json\/wp\/v2\/product\/30145","targetHints":{"allow":["GET"]}}],"collection":[{"href":"https:\/\/dev.eunitecidos.pt\/es\/wp-json\/wp\/v2\/product"}],"about":[{"href":"https:\/\/dev.eunitecidos.pt\/es\/wp-json\/wp\/v2\/types\/product"}],"replies":[{"embeddable":true,"href":"https:\/\/dev.eunitecidos.pt\/es\/wp-json\/wp\/v2\/comments?post=30145"}],"wp:featuredmedia":[{"embeddable":true,"href":"https:\/\/dev.eunitecidos.pt\/es\/wp-json\/wp\/v2\/media\/30104"}],"wp:attachment":[{"href":"https:\/\/dev.eunitecidos.pt\/es\/wp-json\/wp\/v2\/media?parent=30145"}],"wp:term":[{"taxonomy":"product_brand","embeddable":true,"href":"https:\/\/dev.eunitecidos.pt\/es\/wp-json\/wp\/v2\/product_brand?post=30145"},{"taxonomy":"product_cat","embeddable":true,"href":"https:\/\/dev.eunitecidos.pt\/es\/wp-json\/wp\/v2\/product_cat?post=30145"},{"taxonomy":"product_tag","embeddable":true,"href":"https:\/\/dev.eunitecidos.pt\/es\/wp-json\/wp\/v2\/product_tag?post=30145"}],"curies":[{"name":"wp","href":"https:\/\/api.w.org\/{rel}","templated":true}]}}

Coralina | Impreso | Niños | Tienda Tipi

<p>Coralina | Impreso | Niños | Tienda Tipi</p>
<p>Tejido de pelo corto en ambos lados, con un alto nivel de protección contra el frío.</p>
<p>Tacto suave y liso, muy agradable al contacto con la piel</p>
<p>Ideal para confeccionar artículos para bebés y niños, como mantas, pijamas, jerseys, fundas de almohada, etc.</p>
<p>100% Poliéster</p>
<p>1,50 Anchura</p>

<p>Coralina | Estampado| Infantil | Tenda Tipi Tecido de pêlo curto nas duas faces, com elevado nível de proteção contra o frio. Toque macio e suave muito agradável no contacto com a pele Ideal para a confeção de peças para bebés e crianças, como por exemplo: mantinhas, pijamas, agasalhos, fronhas, etc&#8230; 100% Polyester 1,50 Largura</p>

Descubra a Coralina, um tecido estampado infantil de pêlo curto que oferece proteção contra o frio. Toque suave e agradável para confecionar mantinhas, pijamas e mais. 100% poliéster, 1,50m de largura.
