
{"id":11880,"date":"2022-02-01T11:35:51","date_gmt":"2022-02-01T11:35:51","guid":{"rendered":"https:\/\/dev.eunitecidos.pt\/?post_type=product&#038;p=11880"},"modified":"2024-10-11T17:11:43","modified_gmt":"2024-10-11T17:11:43","slug":"malha-jersey-mesclado-azul-claro","status":"publish","type":"product","link":"https:\/\/dev.eunitecidos.pt\/fr\/loja\/texteis\/malha-jersey-mesclado-azul-claro\/","title":{"rendered":"Jersey tricot\u00e9 | | Mixte | Bleu clair"},"content":{"rendered":"<p>Jersey tricot\u00e9 | | Mixte | Bleu clair<\/p>\n<p>Certifi\u00e9 OEKO-TEX<\/p>\n<p>Tricot super-doux, doux au toucher, sans poils<\/p>\n<p>Largement utilis\u00e9 pour les v\u00eatements de b\u00e9b\u00e9s et d'enfants.<\/p>\n<p>L\u00e9g\u00e8rement \u00e9lastique.<\/p>\n<p>1,50 Largeur<\/p>\n<p>Composition : 65% Coton 30% Polyester 5% Spandex<\/p>\n<p>215gr\/m2<\/p>","protected":false},"excerpt":{"rendered":"<p>Tricot Jersey | | Mesclado | Bleu clair Certifi\u00e9 OEKO-TEX Tricot super doux et lisse au toucher, sans poils. Largement utilis\u00e9 pour les v\u00eatements de b\u00e9b\u00e9s et d'enfants. L\u00e9g\u00e8rement \u00e9lastique. 1.50 Largeur Composition : 65% Coton 30% Polyester 5% Spandex 215gr\/m2<\/p>","protected":false},"featured_media":11873,"comment_status":"closed","ping_status":"closed","template":"","meta":{"_seopress_robots_primary_cat":"69","_seopress_titles_title":"Malha Jersey Mesclado Azul Claro Certificado OEKO-TEX","_seopress_titles_desc":"Malha super macia e suave ao toque, ideal para vestu\u00e1rio de beb\u00e9s e crian\u00e7as. Composi\u00e7\u00e3o: 65% Algod\u00e3o 30% Poli\u00e9ster 5% Spandex 215gr\/m2.","_seopress_robots_index":""},"product_brand":[],"product_cat":[140,214,69],"product_tag":[993,1673,1639,2026],"class_list":{"0":"post-11880","1":"product","2":"type-product","3":"status-publish","4":"has-post-thumbnail","6":"product_cat-jerseys","7":"product_cat-lisos-jerseys","8":"product_cat-texteis","9":"product_tag-azul-claro","10":"product_tag-malha-jersey","11":"product_tag-mesclado","12":"product_tag-sem-carda","14":"first","15":"instock","16":"taxable","17":"shipping-taxable","18":"purchasable","19":"product-type-simple"},"_links":{"self":[{"href":"https:\/\/dev.eunitecidos.pt\/fr\/wp-json\/wp\/v2\/product\/11880","targetHints":{"allow":["GET"]}}],"collection":[{"href":"https:\/\/dev.eunitecidos.pt\/fr\/wp-json\/wp\/v2\/product"}],"about":[{"href":"https:\/\/dev.eunitecidos.pt\/fr\/wp-json\/wp\/v2\/types\/product"}],"replies":[{"embeddable":true,"href":"https:\/\/dev.eunitecidos.pt\/fr\/wp-json\/wp\/v2\/comments?post=11880"}],"wp:featuredmedia":[{"embeddable":true,"href":"https:\/\/dev.eunitecidos.pt\/fr\/wp-json\/wp\/v2\/media\/11873"}],"wp:attachment":[{"href":"https:\/\/dev.eunitecidos.pt\/fr\/wp-json\/wp\/v2\/media?parent=11880"}],"wp:term":[{"taxonomy":"product_brand","embeddable":true,"href":"https:\/\/dev.eunitecidos.pt\/fr\/wp-json\/wp\/v2\/product_brand?post=11880"},{"taxonomy":"product_cat","embeddable":true,"href":"https:\/\/dev.eunitecidos.pt\/fr\/wp-json\/wp\/v2\/product_cat?post=11880"},{"taxonomy":"product_tag","embeddable":true,"href":"https:\/\/dev.eunitecidos.pt\/fr\/wp-json\/wp\/v2\/product_tag?post=11880"}],"curies":[{"name":"wp","href":"https:\/\/api.w.org\/{rel}","templated":true}]}}

Jersey tricoté | | Mixte | Bleu clair

<p>Jersey tricoté | | Mixte | Bleu clair</p>
<p>Certifié OEKO-TEX</p>
<p>Tricot super-doux, doux au toucher, sans poils</p>
<p>Largement utilisé pour les vêtements de bébés et d'enfants.</p>
<p>Légèrement élastique.</p>
<p>1,50 Largeur</p>
<p>Composition : 65% Coton 30% Polyester 5% Spandex</p>
<p>215gr/m2</p>

<p>Tricot Jersey | | Mesclado | Bleu clair Certifié OEKO-TEX Tricot super doux et lisse au toucher, sans poils. Largement utilisé pour les vêtements de bébés et d'enfants. Légèrement élastique. 1.50 Largeur Composition : 65% Coton 30% Polyester 5% Spandex 215gr/m2</p>

Malha super macia e suave ao toque, ideal para vestuário de bebés e crianças. Composição: 65% Algodão 30% Poliéster 5% Spandex 215gr/m2.
