
{"id":32113,"date":"2024-02-22T15:48:35","date_gmt":"2024-02-22T15:48:35","guid":{"rendered":"https:\/\/dev.eunitecidos.pt\/?post_type=product&#038;p=32113"},"modified":"2025-10-20T15:13:01","modified_gmt":"2025-10-20T15:13:01","slug":"cetim-grosso-liso-castanho-raso-cali-2003","status":"publish","type":"product","link":"https:\/\/dev.eunitecidos.pt\/fr\/loja\/texteis\/cetim-grosso-liso-castanho-raso-cali-2003\/","title":{"rendered":"Satin \u00e9pais | Lisse | Brun (Raso Cali 2003)"},"content":{"rendered":"<p>Satin \u00e9pais | Lisse | Brun (Raso Cali 2003)<\/p>\n<p>Satin brillant et plein, id\u00e9al pour les v\u00eatements qui ont besoin de structure.<\/p>\n<p>Ce tissu est tr\u00e8s fluide et agr\u00e9able au toucher.<\/p>\n<p>Id\u00e9al pour les tenues de c\u00e9r\u00e9monie, les marches populaires, les jupes, les robes, les d\u00e9corations...<\/p>\n<p>Composition 100% Polyester 130gr\/m2<\/p>\n<p>Largeur de 1,50 m\u00e8tre<\/p>","protected":false},"excerpt":{"rendered":"<p>Cetim Grosso | Liso | Castanho (Raso Cali 2003) Cetim brilhante e encorpado, \u00f3timo para pe\u00e7as que necessitem de apresentar estrutura. Este tecido \u00e9 muito flu\u00eddo e confort\u00e1vel ao toque. Ideal para vestu\u00e1rio de cerim\u00f3nia, marchas populares, saias, vestidos, decora\u00e7\u00f5es&#8230; Composi\u00e7\u00e3o 100% Poliester 130gr\/m2 1,50 mt Largura<\/p>","protected":false},"featured_media":32110,"comment_status":"closed","ping_status":"closed","template":"","meta":{"_seopress_robots_primary_cat":"69","_seopress_titles_title":"Cetim Grosso Castanho | Liso | Raso Cali 2003","_seopress_titles_desc":"Cetim brilhante e encorpado, \u00f3timo para pe\u00e7as que necessitem de apresentar estrutura. Tecido flu\u00eddo e confort\u00e1vel ao toque. Ideal para vestu\u00e1rio de cerim\u00f3nia, marchas populares, saias, vestidos, decora\u00e7\u00f5es. Composi\u00e7\u00e3o 100% Poliester. Largura de 1,50 mt. Peso de 130gr\/m2.","_seopress_robots_index":""},"product_brand":[],"product_cat":[2059,69],"product_tag":[707,1992,516,2052,2809,3147,2872,677,2867,2870,2837,2873],"class_list":{"0":"post-32113","1":"product","2":"type-product","3":"status-publish","4":"has-post-thumbnail","6":"product_cat-cetim-lisos-estampados","7":"product_cat-texteis","8":"product_tag-100-poliester","9":"product_tag-carnaval","10":"product_tag-castanho","11":"product_tag-cetim","12":"product_tag-cetim-grosso","13":"product_tag-eventos","14":"product_tag-festas","15":"product_tag-liso","16":"product_tag-marchas-populares","17":"product_tag-raso-cali","18":"product_tag-santos-populares","19":"product_tag-trajes","21":"first","22":"instock","23":"taxable","24":"shipping-taxable","25":"purchasable","26":"product-type-simple"},"_links":{"self":[{"href":"https:\/\/dev.eunitecidos.pt\/fr\/wp-json\/wp\/v2\/product\/32113","targetHints":{"allow":["GET"]}}],"collection":[{"href":"https:\/\/dev.eunitecidos.pt\/fr\/wp-json\/wp\/v2\/product"}],"about":[{"href":"https:\/\/dev.eunitecidos.pt\/fr\/wp-json\/wp\/v2\/types\/product"}],"replies":[{"embeddable":true,"href":"https:\/\/dev.eunitecidos.pt\/fr\/wp-json\/wp\/v2\/comments?post=32113"}],"wp:featuredmedia":[{"embeddable":true,"href":"https:\/\/dev.eunitecidos.pt\/fr\/wp-json\/wp\/v2\/media\/32110"}],"wp:attachment":[{"href":"https:\/\/dev.eunitecidos.pt\/fr\/wp-json\/wp\/v2\/media?parent=32113"}],"wp:term":[{"taxonomy":"product_brand","embeddable":true,"href":"https:\/\/dev.eunitecidos.pt\/fr\/wp-json\/wp\/v2\/product_brand?post=32113"},{"taxonomy":"product_cat","embeddable":true,"href":"https:\/\/dev.eunitecidos.pt\/fr\/wp-json\/wp\/v2\/product_cat?post=32113"},{"taxonomy":"product_tag","embeddable":true,"href":"https:\/\/dev.eunitecidos.pt\/fr\/wp-json\/wp\/v2\/product_tag?post=32113"}],"curies":[{"name":"wp","href":"https:\/\/api.w.org\/{rel}","templated":true}]}}

Satin épais | Lisse | Brun (Raso Cali 2003)

<p>Satin épais | Lisse | Brun (Raso Cali 2003)</p>
<p>Satin brillant et plein, idéal pour les vêtements qui ont besoin de structure.</p>
<p>Ce tissu est très fluide et agréable au toucher.</p>
<p>Idéal pour les tenues de cérémonie, les marches populaires, les jupes, les robes, les décorations...</p>
<p>Composition 100% Polyester 130gr/m2</p>
<p>Largeur de 1,50 mètre</p>

<p>Cetim Grosso | Liso | Castanho (Raso Cali 2003) Cetim brilhante e encorpado, ótimo para peças que necessitem de apresentar estrutura. Este tecido é muito fluído e confortável ao toque. Ideal para vestuário de cerimónia, marchas populares, saias, vestidos, decorações&#8230; Composição 100% Poliester 130gr/m2 1,50 mt Largura</p>

Cetim brilhante e encorpado, ótimo para peças que necessitem de apresentar estrutura. Tecido fluído e confortável ao toque. Ideal para vestuário de cerimónia, marchas populares, saias, vestidos, decorações. Composição 100% Poliester. Largura de 1,50 mt. Peso de 130gr/m2.
