
{"id":9253,"date":"2021-11-05T19:15:13","date_gmt":"2021-11-05T19:15:13","guid":{"rendered":"https:\/\/dev.eunitecidos.pt\/?post_type=product&#038;p=9253"},"modified":"2024-11-07T18:29:01","modified_gmt":"2024-11-07T18:29:01","slug":"tecido-flanela-estampada-infantil-nuvens","status":"publish","type":"product","link":"https:\/\/dev.eunitecidos.pt\/fr\/loja\/cores\/tecido-flanela-estampada-infantil-nuvens\/","title":{"rendered":"Tissu flanelle | Imprim\u00e9 | Enfants | Nuages"},"content":{"rendered":"<p>Tissu flanelle | Imprim\u00e9 | Enfants | Nuages<\/p>\n<p>Tissu doux avec une surface l\u00e9g\u00e8rement duveteuse<\/p>\n<p>Tissu d'\u00e9paisseur variable<\/p>\n<p>Id\u00e9al pour fabriquer des draps, des v\u00eatements de nuit, des v\u00eatements, des serviettes hygi\u00e9niques r\u00e9utilisables, etc...<\/p>\n<p>100% Coton<\/p>\n<p>1,50 Largeur<\/p>","protected":false},"excerpt":{"rendered":"<p>Tecido Flanela | Estampada | Infantil | Nuvens Tecido macio, com uma superf\u00edcie levemente felpuda Tecido de espessura vari\u00e1vel Ideal para confe\u00e7\u00e3o de len\u00e7\u00f3is, roupa de dormir, vestu\u00e1rio, pensos higi\u00e9nicos reutiliz\u00e1veis, etc&#8230; 100% Algod\u00e3o 1,50 Largura<\/p>","protected":false},"featured_media":9181,"comment_status":"closed","ping_status":"closed","template":"","meta":{"_seopress_robots_primary_cat":"122","_seopress_titles_title":"Tecido Flanela Estampada Infantil Nuvens | 100% Algod\u00e3o","_seopress_titles_desc":"Tecido macio 100% algod\u00e3o, perfeito para len\u00e7\u00f3is, roupa de dormir e mais. Descubra a qualidade da nossa flanela estampada com nuvens. Encomende j\u00e1!","_seopress_robots_index":""},"product_brand":[],"product_cat":[124,131,128,122,233,146,69],"product_tag":[315,298,321,351,1631,1619,1671,303,333,1637],"class_list":{"0":"post-9253","1":"product","2":"type-product","3":"status-publish","4":"has-post-thumbnail","6":"product_cat-azul","7":"product_cat-branco","8":"product_cat-cinzento","9":"product_cat-cores","10":"product_cat-estampadas-flanelas","11":"product_cat-flanelas","12":"product_cat-texteis","13":"product_tag-100-algodao","14":"product_tag-azul","15":"product_tag-branco","16":"product_tag-cinza","17":"product_tag-cinza-claro","18":"product_tag-estampado-infantil","19":"product_tag-inverno","20":"product_tag-menino","21":"product_tag-nuvens","22":"product_tag-tecido-flanela","24":"first","25":"outofstock","26":"taxable","27":"shipping-taxable","28":"purchasable","29":"product-type-simple"},"_links":{"self":[{"href":"https:\/\/dev.eunitecidos.pt\/fr\/wp-json\/wp\/v2\/product\/9253","targetHints":{"allow":["GET"]}}],"collection":[{"href":"https:\/\/dev.eunitecidos.pt\/fr\/wp-json\/wp\/v2\/product"}],"about":[{"href":"https:\/\/dev.eunitecidos.pt\/fr\/wp-json\/wp\/v2\/types\/product"}],"replies":[{"embeddable":true,"href":"https:\/\/dev.eunitecidos.pt\/fr\/wp-json\/wp\/v2\/comments?post=9253"}],"wp:featuredmedia":[{"embeddable":true,"href":"https:\/\/dev.eunitecidos.pt\/fr\/wp-json\/wp\/v2\/media\/9181"}],"wp:attachment":[{"href":"https:\/\/dev.eunitecidos.pt\/fr\/wp-json\/wp\/v2\/media?parent=9253"}],"wp:term":[{"taxonomy":"product_brand","embeddable":true,"href":"https:\/\/dev.eunitecidos.pt\/fr\/wp-json\/wp\/v2\/product_brand?post=9253"},{"taxonomy":"product_cat","embeddable":true,"href":"https:\/\/dev.eunitecidos.pt\/fr\/wp-json\/wp\/v2\/product_cat?post=9253"},{"taxonomy":"product_tag","embeddable":true,"href":"https:\/\/dev.eunitecidos.pt\/fr\/wp-json\/wp\/v2\/product_tag?post=9253"}],"curies":[{"name":"wp","href":"https:\/\/api.w.org\/{rel}","templated":true}]}}

Tissu flanelle | Imprimé | Enfants | Nuages

<p>Tissu flanelle | Imprimé | Enfants | Nuages</p>
<p>Tissu doux avec une surface légèrement duveteuse</p>
<p>Tissu d'épaisseur variable</p>
<p>Idéal pour fabriquer des draps, des vêtements de nuit, des vêtements, des serviettes hygiéniques réutilisables, etc...</p>
<p>100% Coton</p>
<p>1,50 Largeur</p>

<p>Tecido Flanela | Estampada | Infantil | Nuvens Tecido macio, com uma superfície levemente felpuda Tecido de espessura variável Ideal para confeção de lençóis, roupa de dormir, vestuário, pensos higiénicos reutilizáveis, etc&#8230; 100% Algodão 1,50 Largura</p>

Tecido Flanela Estampada Infantil Nuvens | 100% Algodão

Tecido macio 100% algodão, perfeito para lençóis, roupa de dormir e mais. Descubra a qualidade da nossa flanela estampada com nuvens. Encomende já!
